{"id":11,"date":"2015-06-17T12:45:41","date_gmt":"2015-06-17T12:45:41","guid":{"rendered":"http:\/\/demos.artbees.net\/jupiter5\/dia\/?page_id=11"},"modified":"2025-08-20T19:12:01","modified_gmt":"2025-08-20T19:12:01","slug":"programas","status":"publish","type":"page","link":"https:\/\/www.alberguebuensamaritano.com\/index.php\/programas\/","title":{"rendered":"Programas"},"content":{"rendered":"<div class=\"wpb-content-wrapper\">[mk_page_section bg_image=\u00bbhttp:\/\/184.154.128.195\/~alberguebuen\/wp-content\/uploads\/2018\/04\/13.jpg\u00bb bg_repeat=\u00bbno-repeat\u00bb bg_stretch=\u00bbtrue\u00bb video_color_mask=\u00bbrgba(159,96,72,0.51)\u00bb video_opacity=\u00bb0.8&#8243; min_height=\u00bb500&#8243; padding_top=\u00bb100&#8243; padding_bottom=\u00bb100&#8243; sidebar=\u00bbsidebar-1&#8243;][vc_column][\/vc_column][\/mk_page_section][mk_page_section layout_structure=\u00bbhalf_right\u00bb bg_image=\u00bbhttp:\/\/184.154.128.195\/~alberguebuen\/wp-content\/uploads\/2018\/04\/unnamed.jpg\u00bb bg_color=\u00bb#f2f2f2&#8243; min_height=\u00bb0&#8243; full_width=\u00bbtrue\u00bb padding_top=\u00bb120&#8243; padding_bottom=\u00bb100&#8243;][vc_column css=\u00bb.vc_custom_1437058428643{padding-right: 0px !important;padding-left: 0px !important;}\u00bb][mk_fancy_title color=\u00bb#9f6048&#8243; size=\u00bb48&#8243; font_weight=\u00bbbold\u00bb txt_transform=\u00bbcapitalize\u00bb font_family=\u00bbRaleway\u00bb font_type=\u00bbgoogle\u00bb]Programas[\/mk_fancy_title][vc_column_text disable_pattern=\u00bbfalse\u00bb css=\u00bb.vc_custom_1524499708521{margin-bottom: 0px !important;}\u00bb]La fundaci\u00f3n albergue el buen samaritano desempe\u00f1a programas como lo son la protecci\u00f3n de los derechos de los abuelos y las personas en vulnerabilidad, estos programas se realizan recibiendo al adulto mayor, con una valoraci\u00f3n por enfermer\u00eda, para determinar sus condiciones f\u00edsicas, se revisa el historial m\u00e9dico, se hace una atenci\u00f3n psicol\u00f3gica y encuesta de socializaci\u00f3n, la fundaci\u00f3n tambi\u00e9n ofrece al adulto mayor alimentaci\u00f3n, vestuario, recreaci\u00f3n, alojamiento, salud, protecci\u00f3n y a todo este proceso se le realiza un seguimiento diario con el fin de velar por el bienestar y la calidad de vida de los abuelos; tambi\u00e9n ofrece a los consumidores psicoactivos, madres cabeza de familia y habitantes de calle, apoyo , orientaci\u00f3n profesional y estad\u00eda hasta que sean personas estables y auto sostenibles.[\/vc_column_text][\/vc_column][\/mk_page_section][mk_page_section layout_structure=\u00bbhalf_left\u00bb bg_image=\u00bbhttp:\/\/184.154.128.195\/~alberguebuen\/wp-content\/uploads\/2018\/04\/actividad.jpg\u00bb bg_color=\u00bb#f2f2f2&#8243; min_height=\u00bb0&#8243; full_width=\u00bbtrue\u00bb padding_top=\u00bb120&#8243; padding_bottom=\u00bb100&#8243;][vc_column css=\u00bb.vc_custom_1437058188556{padding-right: 0px !important;padding-left: 0px !important;}\u00bb][vc_row_inner][vc_column_inner][mk_fancy_title color=\u00bb#9f6048&#8243; size=\u00bb48&#8243; font_weight=\u00bbbold\u00bb txt_transform=\u00bbcapitalize\u00bb font_family=\u00bbRaleway\u00bb font_type=\u00bbgoogle\u00bb]Actividades[\/mk_fancy_title][\/vc_column_inner][\/vc_row_inner][vc_column_text disable_pattern=\u00bbfalse\u00bb css=\u00bb.vc_custom_1524499845743{margin-bottom: 0px !important;}\u00bb]Los abuelos realizan actividades de motricidad fina, movilidad articular, juegos de mesa, con la participaci\u00f3n de fisioterapeutas del imder cada viernes; tambi\u00e9n reciben atenci\u00f3n hospitalaria, con la participaci\u00f3n del hospital Rub\u00e9n Cruz, entre otros.<\/p>\n<p>En fechas especiales como d\u00eda de la madre, d\u00eda del padre, Halloween, navidad, entre otras, se realizan actividades l\u00fadicas contando con el apoyo del municipio de Tulu\u00e1, secretaria de bienestar social, imder y la escuela DE POLICIA SIMON BOLIVAR , entre otras.[\/vc_column_text][\/vc_column][\/mk_page_section]\n<\/div>","protected":false},"excerpt":{"rendered":"<p>[mk_page_section bg_image=\u00bbhttp:\/\/184.154.128.195\/~alberguebuen\/wp-content\/uploads\/2018\/04\/13.jpg\u00bb bg_repeat=\u00bbno-repeat\u00bb bg_stretch=\u00bbtrue\u00bb video_color_mask=\u00bbrgba(159,96,72,0.51)\u00bb video_opacity=\u00bb0.8&#8243; min_height=\u00bb500&#8243; padding_top=\u00bb100&#8243; padding_bottom=\u00bb100&#8243; sidebar=\u00bbsidebar-1&#8243;][vc_column][\/vc_column][\/mk_page_section][mk_page_section layout_structure=\u00bbhalf_right\u00bb bg_image=\u00bbhttp:\/\/184.154.128.195\/~alberguebuen\/wp-content\/uploads\/2018\/04\/unnamed.jpg\u00bb bg_color=\u00bb#f2f2f2&#8243; min_height=\u00bb0&#8243; full_width=\u00bbtrue\u00bb padding_top=\u00bb120&#8243; padding_bottom=\u00bb100&#8243;][vc_column css=\u00bb.vc_custom_1437058428643{padding-right: 0px !important;padding-left: 0px !important;}\u00bb][mk_fancy_title color=\u00bb#9f6048&#8243; size=\u00bb48&#8243; font_weight=\u00bbbold\u00bb txt_transform=\u00bbcapitalize\u00bb font_family=\u00bbRaleway\u00bb font_type=\u00bbgoogle\u00bb]Programas[\/mk_fancy_title][vc_column_text disable_pattern=\u00bbfalse\u00bb css=\u00bb.vc_custom_1524499708521{margin-bottom: 0px !important;}\u00bb]La fundaci\u00f3n albergue el buen samaritano desempe\u00f1a programas como lo son la protecci\u00f3n de los derechos de los abuelos y las personas en vulnerabilidad, [&hellip;]<\/p>\n","protected":false},"author":2,"featured_media":0,"parent":0,"menu_order":0,"comment_status":"closed","ping_status":"open","template":"","meta":{"footnotes":""},"class_list":["post-11","page","type-page","status-publish","hentry"],"_links":{"self":[{"href":"https:\/\/www.alberguebuensamaritano.com\/index.php\/wp-json\/wp\/v2\/pages\/11","targetHints":{"allow":["GET"]}}],"collection":[{"href":"https:\/\/www.alberguebuensamaritano.com\/index.php\/wp-json\/wp\/v2\/pages"}],"about":[{"href":"https:\/\/www.alberguebuensamaritano.com\/index.php\/wp-json\/wp\/v2\/types\/page"}],"author":[{"embeddable":true,"href":"https:\/\/www.alberguebuensamaritano.com\/index.php\/wp-json\/wp\/v2\/users\/2"}],"replies":[{"embeddable":true,"href":"https:\/\/www.alberguebuensamaritano.com\/index.php\/wp-json\/wp\/v2\/comments?post=11"}],"version-history":[{"count":6,"href":"https:\/\/www.alberguebuensamaritano.com\/index.php\/wp-json\/wp\/v2\/pages\/11\/revisions"}],"predecessor-version":[{"id":5872,"href":"https:\/\/www.alberguebuensamaritano.com\/index.php\/wp-json\/wp\/v2\/pages\/11\/revisions\/5872"}],"wp:attachment":[{"href":"https:\/\/www.alberguebuensamaritano.com\/index.php\/wp-json\/wp\/v2\/media?parent=11"}],"curies":[{"name":"wp","href":"https:\/\/api.w.org\/{rel}","templated":true}]}}